{"id":2225,"date":"2021-02-06T09:49:49","date_gmt":"2021-02-06T09:49:49","guid":{"rendered":"https:\/\/lenslegal.ee\/gdpr\/"},"modified":"2021-12-07T09:03:44","modified_gmt":"2021-12-07T09:03:44","slug":"intellektuaalse-omandi-oigus-gdpr","status":"publish","type":"page","link":"https:\/\/lenslegal.ee\/et\/intellektuaalse-omandi-oigus-gdpr\/","title":{"rendered":"Intellektuaalse omandi \u00f5igus"},"content":{"rendered":"<div class=\"wpb-content-wrapper\"><p>[vc_row type=&#8221;vc_default&#8221;][vc_column offset=&#8221;vc_col-lg-12 vc_col-md-12 vc_col-xs-12&#8243;]<div id=\"ultimate-heading-394769f459b2827f2\" class=\"uvc-heading ult-adjust-bottom-margin ultimate-heading-394769f459b2827f2 uvc-7905 \" data-hspacer=\"no_spacer\"  data-halign=\"left\" style=\"text-align:left\"><div class=\"uvc-heading-spacer no_spacer\" style=\"top\"><\/div><div class=\"uvc-main-heading ult-responsive\"  data-ultimate-target='.uvc-heading.ultimate-heading-394769f459b2827f2 h2'  data-responsive-json-new='{\"font-size\":\"\",\"line-height\":\"\"}' ><h2 style=\"font-weight:normal;color:#4c7d95;\">Intellektuaalse omandi \u00f5igus, GDPR<\/h2><\/div><\/div>[vc_separator color=&#8221;custom&#8221; align=&#8221;align_left&#8221; accent_color=&#8221;#98afb3&#8243; css=&#8221;.vc_custom_1615387873386{padding-top: 15px !important;padding-bottom: 35px !important;}&#8221;][vc_column_text el_class=&#8221;textjustify&#8221;]Reglement GDPR (EL) kohustab \u00e4ri\u00fchingut muutma oma isikuandmete kaitse poliitikat ning vajaduse korral t\u00e4iendama oma olemasolevaid dokumente s\u00e4tetega isikuandmete kaitse kohta.<\/p>\n<p>Meie aitame:<\/p>\n<ul>\n<li>Hinnata isikuandmete t\u00f6\u00f6tlemise s\u00fcsteemi<\/li>\n<li>Koostada soovitusi andmete s\u00e4ilitamise s\u00fcsteemi parandamiseks<\/li>\n<li>Koostada v\u00f5i viia seaduse n\u00f5uetega vastavusse \u00e4ri\u00fchingu sisedokumentatsiooni, mis puudutab isikuandmete kaitset<\/li>\n<li>Valida Teie ettev\u00f5ttele isikuandmete kaitse spetsialisti vastavalt seaduse n\u00f5uetele ja firma \u00e4rimudelile<\/li>\n<\/ul>\n<p>Paljud ettev\u00f5tted koguvad ja t\u00f6\u00f6tlevad oma igap\u00e4evases \u00e4ritegevuses isikuandmeid. Nende andmete seaduslik kasutamine ja haldamine on otsustava t\u00e4htsusega seadusandluse normide j\u00e4rgimisel ning sellega seotud riskide maandamisel.<br \/>\n[\/vc_column_text][\/vc_column][\/vc_row]<\/p>\n<\/div>","protected":false},"excerpt":{"rendered":"<p>[vc_row type=&#8221;vc_default&#8221;][vc_column offset=&#8221;vc_col-lg-12 vc_col-md-12 vc_col-xs-12&#8243;][vc_separator color=&#8221;custom&#8221; align=&#8221;align_left&#8221; accent_color=&#8221;#98afb3&#8243; css=&#8221;.vc_custom_1615387873386{padding-top: 15px !important;padding-bottom: 35px !important;}&#8221;][vc_column_text el_class=&#8221;textjustify&#8221;]Reglement GDPR (EL) kohustab \u00e4ri\u00fchingut muutma oma isikuandmete kaitse poliitikat ning vajaduse korral t\u00e4iendama oma olemasolevaid dokumente s\u00e4tetega isikuandmete kaitse kohta. Meie aitame: Hinnata isikuandmete t\u00f6\u00f6tlemise s\u00fcsteemi Koostada soovitusi andmete s\u00e4ilitamise s\u00fcsteemi parandamiseks Koostada v\u00f5i viia seaduse n\u00f5uetega vastavusse \u00e4ri\u00fchingu sisedokumentatsiooni, mis&hellip;<\/p>\n","protected":false},"author":1,"featured_media":0,"parent":0,"menu_order":10,"comment_status":"closed","ping_status":"closed","template":"","meta":{"footnotes":""},"class_list":["post-2225","page","type-page","status-publish","hentry","description-off"],"yoast_head":"<!-- This site is optimized with the Yoast SEO plugin v22.6 - https:\/\/yoast.com\/wordpress\/plugins\/seo\/ -->\n<title>Intellektuaalse omandi \u00f5igus - LensLegal O\u00dc<\/title>\n<meta name=\"robots\" content=\"index, follow, max-snippet:-1, max-image-preview:large, max-video-preview:-1\" \/>\n<link rel=\"canonical\" href=\"https:\/\/lenslegal.ee\/et\/intellektuaalse-omandi-oigus-gdpr\/\" \/>\n<meta property=\"og:locale\" content=\"et_EE\" \/>\n<meta property=\"og:type\" content=\"article\" \/>\n<meta property=\"og:title\" content=\"Intellektuaalse omandi \u00f5igus - LensLegal O\u00dc\" \/>\n<meta property=\"og:description\" content=\"[vc_row type=&#8221;vc_default&#8221;][vc_column offset=&#8221;vc_col-lg-12 vc_col-md-12 vc_col-xs-12&#8243;][vc_separator color=&#8221;custom&#8221; align=&#8221;align_left&#8221; accent_color=&#8221;#98afb3&#8243; css=&#8221;.vc_custom_1615387873386{padding-top: 15px !important;padding-bottom: 35px !important;}&#8221;][vc_column_text el_class=&#8221;textjustify&#8221;]Reglement GDPR (EL) kohustab \u00e4ri\u00fchingut muutma oma isikuandmete kaitse poliitikat ning vajaduse korral t\u00e4iendama oma olemasolevaid dokumente s\u00e4tetega isikuandmete kaitse kohta. Meie aitame: Hinnata isikuandmete t\u00f6\u00f6tlemise s\u00fcsteemi Koostada soovitusi andmete s\u00e4ilitamise s\u00fcsteemi parandamiseks Koostada v\u00f5i viia seaduse n\u00f5uetega vastavusse \u00e4ri\u00fchingu sisedokumentatsiooni, mis&hellip;\" \/>\n<meta property=\"og:url\" content=\"https:\/\/lenslegal.ee\/et\/intellektuaalse-omandi-oigus-gdpr\/\" \/>\n<meta property=\"og:site_name\" content=\"LensLegal O\u00dc\" \/>\n<meta property=\"article:modified_time\" content=\"2021-12-07T09:03:44+00:00\" \/>\n<meta name=\"twitter:card\" content=\"summary_large_image\" \/>\n<meta name=\"twitter:label1\" content=\"Est. reading time\" \/>\n\t<meta name=\"twitter:data1\" content=\"1 minut\" \/>\n<script type=\"application\/ld+json\" class=\"yoast-schema-graph\">{\"@context\":\"https:\/\/schema.org\",\"@graph\":[{\"@type\":\"WebPage\",\"@id\":\"https:\/\/lenslegal.ee\/et\/intellektuaalse-omandi-oigus-gdpr\/\",\"url\":\"https:\/\/lenslegal.ee\/et\/intellektuaalse-omandi-oigus-gdpr\/\",\"name\":\"Intellektuaalse omandi \u00f5igus - LensLegal O\u00dc\",\"isPartOf\":{\"@id\":\"https:\/\/lenslegal.ee\/#website\"},\"datePublished\":\"2021-02-06T09:49:49+00:00\",\"dateModified\":\"2021-12-07T09:03:44+00:00\",\"breadcrumb\":{\"@id\":\"https:\/\/lenslegal.ee\/et\/intellektuaalse-omandi-oigus-gdpr\/#breadcrumb\"},\"inLanguage\":\"et\",\"potentialAction\":[{\"@type\":\"ReadAction\",\"target\":[\"https:\/\/lenslegal.ee\/et\/intellektuaalse-omandi-oigus-gdpr\/\"]}]},{\"@type\":\"BreadcrumbList\",\"@id\":\"https:\/\/lenslegal.ee\/et\/intellektuaalse-omandi-oigus-gdpr\/#breadcrumb\",\"itemListElement\":[{\"@type\":\"ListItem\",\"position\":1,\"name\":\"Home\",\"item\":\"https:\/\/lenslegal.ee\/et\/\"},{\"@type\":\"ListItem\",\"position\":2,\"name\":\"Intellektuaalse omandi \u00f5igus\"}]},{\"@type\":\"WebSite\",\"@id\":\"https:\/\/lenslegal.ee\/#website\",\"url\":\"https:\/\/lenslegal.ee\/\",\"name\":\"LensLegal O\u00dc\",\"description\":\"\",\"publisher\":{\"@id\":\"https:\/\/lenslegal.ee\/#organization\"},\"potentialAction\":[{\"@type\":\"SearchAction\",\"target\":{\"@type\":\"EntryPoint\",\"urlTemplate\":\"https:\/\/lenslegal.ee\/?s={search_term_string}\"},\"query-input\":\"required name=search_term_string\"}],\"inLanguage\":\"et\"},{\"@type\":\"Organization\",\"@id\":\"https:\/\/lenslegal.ee\/#organization\",\"name\":\"LensLegal O\u00dc\",\"url\":\"https:\/\/lenslegal.ee\/\",\"logo\":{\"@type\":\"ImageObject\",\"inLanguage\":\"et\",\"@id\":\"https:\/\/lenslegal.ee\/#\/schema\/logo\/image\/\",\"url\":\"https:\/\/lenslegal.ee\/wp-content\/uploads\/2021\/01\/LensLegal-logo-hd.png\",\"contentUrl\":\"https:\/\/lenslegal.ee\/wp-content\/uploads\/2021\/01\/LensLegal-logo-hd.png\",\"width\":370,\"height\":51,\"caption\":\"LensLegal O\u00dc\"},\"image\":{\"@id\":\"https:\/\/lenslegal.ee\/#\/schema\/logo\/image\/\"}}]}<\/script>\n<!-- \/ Yoast SEO plugin. -->","yoast_head_json":{"title":"Intellektuaalse omandi \u00f5igus - LensLegal O\u00dc","robots":{"index":"index","follow":"follow","max-snippet":"max-snippet:-1","max-image-preview":"max-image-preview:large","max-video-preview":"max-video-preview:-1"},"canonical":"https:\/\/lenslegal.ee\/et\/intellektuaalse-omandi-oigus-gdpr\/","og_locale":"et_EE","og_type":"article","og_title":"Intellektuaalse omandi \u00f5igus - LensLegal O\u00dc","og_description":"[vc_row type=&#8221;vc_default&#8221;][vc_column offset=&#8221;vc_col-lg-12 vc_col-md-12 vc_col-xs-12&#8243;][vc_separator color=&#8221;custom&#8221; align=&#8221;align_left&#8221; accent_color=&#8221;#98afb3&#8243; css=&#8221;.vc_custom_1615387873386{padding-top: 15px !important;padding-bottom: 35px !important;}&#8221;][vc_column_text el_class=&#8221;textjustify&#8221;]Reglement GDPR (EL) kohustab \u00e4ri\u00fchingut muutma oma isikuandmete kaitse poliitikat ning vajaduse korral t\u00e4iendama oma olemasolevaid dokumente s\u00e4tetega isikuandmete kaitse kohta. Meie aitame: Hinnata isikuandmete t\u00f6\u00f6tlemise s\u00fcsteemi Koostada soovitusi andmete s\u00e4ilitamise s\u00fcsteemi parandamiseks Koostada v\u00f5i viia seaduse n\u00f5uetega vastavusse \u00e4ri\u00fchingu sisedokumentatsiooni, mis&hellip;","og_url":"https:\/\/lenslegal.ee\/et\/intellektuaalse-omandi-oigus-gdpr\/","og_site_name":"LensLegal O\u00dc","article_modified_time":"2021-12-07T09:03:44+00:00","twitter_card":"summary_large_image","twitter_misc":{"Est. reading time":"1 minut"},"schema":{"@context":"https:\/\/schema.org","@graph":[{"@type":"WebPage","@id":"https:\/\/lenslegal.ee\/et\/intellektuaalse-omandi-oigus-gdpr\/","url":"https:\/\/lenslegal.ee\/et\/intellektuaalse-omandi-oigus-gdpr\/","name":"Intellektuaalse omandi \u00f5igus - LensLegal O\u00dc","isPartOf":{"@id":"https:\/\/lenslegal.ee\/#website"},"datePublished":"2021-02-06T09:49:49+00:00","dateModified":"2021-12-07T09:03:44+00:00","breadcrumb":{"@id":"https:\/\/lenslegal.ee\/et\/intellektuaalse-omandi-oigus-gdpr\/#breadcrumb"},"inLanguage":"et","potentialAction":[{"@type":"ReadAction","target":["https:\/\/lenslegal.ee\/et\/intellektuaalse-omandi-oigus-gdpr\/"]}]},{"@type":"BreadcrumbList","@id":"https:\/\/lenslegal.ee\/et\/intellektuaalse-omandi-oigus-gdpr\/#breadcrumb","itemListElement":[{"@type":"ListItem","position":1,"name":"Home","item":"https:\/\/lenslegal.ee\/et\/"},{"@type":"ListItem","position":2,"name":"Intellektuaalse omandi \u00f5igus"}]},{"@type":"WebSite","@id":"https:\/\/lenslegal.ee\/#website","url":"https:\/\/lenslegal.ee\/","name":"LensLegal O\u00dc","description":"","publisher":{"@id":"https:\/\/lenslegal.ee\/#organization"},"potentialAction":[{"@type":"SearchAction","target":{"@type":"EntryPoint","urlTemplate":"https:\/\/lenslegal.ee\/?s={search_term_string}"},"query-input":"required name=search_term_string"}],"inLanguage":"et"},{"@type":"Organization","@id":"https:\/\/lenslegal.ee\/#organization","name":"LensLegal O\u00dc","url":"https:\/\/lenslegal.ee\/","logo":{"@type":"ImageObject","inLanguage":"et","@id":"https:\/\/lenslegal.ee\/#\/schema\/logo\/image\/","url":"https:\/\/lenslegal.ee\/wp-content\/uploads\/2021\/01\/LensLegal-logo-hd.png","contentUrl":"https:\/\/lenslegal.ee\/wp-content\/uploads\/2021\/01\/LensLegal-logo-hd.png","width":370,"height":51,"caption":"LensLegal O\u00dc"},"image":{"@id":"https:\/\/lenslegal.ee\/#\/schema\/logo\/image\/"}}]}},"_links":{"self":[{"href":"https:\/\/lenslegal.ee\/et\/wp-json\/wp\/v2\/pages\/2225","targetHints":{"allow":["GET"]}}],"collection":[{"href":"https:\/\/lenslegal.ee\/et\/wp-json\/wp\/v2\/pages"}],"about":[{"href":"https:\/\/lenslegal.ee\/et\/wp-json\/wp\/v2\/types\/page"}],"author":[{"embeddable":true,"href":"https:\/\/lenslegal.ee\/et\/wp-json\/wp\/v2\/users\/1"}],"replies":[{"embeddable":true,"href":"https:\/\/lenslegal.ee\/et\/wp-json\/wp\/v2\/comments?post=2225"}],"version-history":[{"count":2,"href":"https:\/\/lenslegal.ee\/et\/wp-json\/wp\/v2\/pages\/2225\/revisions"}],"predecessor-version":[{"id":2227,"href":"https:\/\/lenslegal.ee\/et\/wp-json\/wp\/v2\/pages\/2225\/revisions\/2227"}],"wp:attachment":[{"href":"https:\/\/lenslegal.ee\/et\/wp-json\/wp\/v2\/media?parent=2225"}],"curies":[{"name":"wp","href":"https:\/\/api.w.org\/{rel}","templated":true}]}}

Intellektuaalse omandi õigus

<div class="wpb-content-wrapper"><p>[vc_row type=&#8221;vc_default&#8221;][vc_column offset=&#8221;vc_col-lg-12 vc_col-md-12 vc_col-xs-12&#8243;]<div id="ultimate-heading-394769f459b2827f2" class="uvc-heading ult-adjust-bottom-margin ultimate-heading-394769f459b2827f2 uvc-7905 " data-hspacer="no_spacer"  data-halign="left" style="text-align:left"><div class="uvc-heading-spacer no_spacer" style="top"></div><div class="uvc-main-heading ult-responsive"  data-ultimate-target='.uvc-heading.ultimate-heading-394769f459b2827f2 h2'  data-responsive-json-new='{"font-size":"","line-height":""}' ><h2 style="font-weight:normal;color:#4c7d95;">Intellektuaalse omandi õigus, GDPR</h2></div></div>[vc_separator color=&#8221;custom&#8221; align=&#8221;align_left&#8221; accent_color=&#8221;#98afb3&#8243; css=&#8221;.vc_custom_1615387873386{padding-top: 15px !important;padding-bottom: 35px !important;}&#8221;][vc_column_text el_class=&#8221;textjustify&#8221;]Reglement GDPR (EL) kohustab äriühingut muutma oma isikuandmete kaitse poliitikat ning vajaduse korral täiendama oma olemasolevaid dokumente sätetega isikuandmete kaitse kohta.</p>
<p>Meie aitame:</p>
<ul>
<li>Hinnata isikuandmete töötlemise süsteemi</li>
<li>Koostada soovitusi andmete säilitamise süsteemi parandamiseks</li>
<li>Koostada või viia seaduse nõuetega vastavusse äriühingu sisedokumentatsiooni, mis puudutab isikuandmete kaitset</li>
<li>Valida Teie ettevõttele isikuandmete kaitse spetsialisti vastavalt seaduse nõuetele ja firma ärimudelile</li>
</ul>
<p>Paljud ettevõtted koguvad ja töötlevad oma igapäevases äritegevuses isikuandmeid. Nende andmete seaduslik kasutamine ja haldamine on otsustava tähtsusega seadusandluse normide järgimisel ning sellega seotud riskide maandamisel.<br />
[/vc_column_text][/vc_column][/vc_row]</p>
</div>

<p>[vc_row type=&#8221;vc_default&#8221;][vc_column offset=&#8221;vc_col-lg-12 vc_col-md-12 vc_col-xs-12&#8243;][vc_separator color=&#8221;custom&#8221; align=&#8221;align_left&#8221; accent_color=&#8221;#98afb3&#8243; css=&#8221;.vc_custom_1615387873386{padding-top: 15px !important;padding-bottom: 35px !important;}&#8221;][vc_column_text el_class=&#8221;textjustify&#8221;]Reglement GDPR (EL) kohustab äriühingut muutma oma isikuandmete kaitse poliitikat ning vajaduse korral täiendama oma olemasolevaid dokumente sätetega isikuandmete kaitse kohta. Meie aitame: Hinnata isikuandmete töötlemise süsteemi Koostada soovitusi andmete säilitamise süsteemi parandamiseks Koostada või viia seaduse nõuetega vastavusse äriühingu sisedokumentatsiooni, mis&hellip;</p>

<!-- This site is optimized with the Yoast SEO plugin v22.6 - https://yoast.com/wordpress/plugins/seo/ -->
<title>Intellektuaalse omandi õigus - LensLegal OÜ</title>
<meta name="robots" content="index, follow, max-snippet:-1, max-image-preview:large, max-video-preview:-1" />
<link rel="canonical" href="https://lenslegal.ee/et/intellektuaalse-omandi-oigus-gdpr/" />
<meta property="og:locale" content="et_EE" />
<meta property="og:type" content="article" />
<meta property="og:title" content="Intellektuaalse omandi õigus - LensLegal OÜ" />
<meta property="og:description" content="[vc_row type=&#8221;vc_default&#8221;][vc_column offset=&#8221;vc_col-lg-12 vc_col-md-12 vc_col-xs-12&#8243;][vc_separator color=&#8221;custom&#8221; align=&#8221;align_left&#8221; accent_color=&#8221;#98afb3&#8243; css=&#8221;.vc_custom_1615387873386{padding-top: 15px !important;padding-bottom: 35px !important;}&#8221;][vc_column_text el_class=&#8221;textjustify&#8221;]Reglement GDPR (EL) kohustab äriühingut muutma oma isikuandmete kaitse poliitikat ning vajaduse korral täiendama oma olemasolevaid dokumente sätetega isikuandmete kaitse kohta. Meie aitame: Hinnata isikuandmete töötlemise süsteemi Koostada soovitusi andmete säilitamise süsteemi parandamiseks Koostada või viia seaduse nõuetega vastavusse äriühingu sisedokumentatsiooni, mis&hellip;" />
<meta property="og:url" content="https://lenslegal.ee/et/intellektuaalse-omandi-oigus-gdpr/" />
<meta property="og:site_name" content="LensLegal OÜ" />
<meta property="article:modified_time" content="2021-12-07T09:03:44+00:00" />
<meta name="twitter:card" content="summary_large_image" />
<meta name="twitter:label1" content="Est. reading time" />
	<meta name="twitter:data1" content="1 minut" />
<script type="application/ld+json" class="yoast-schema-graph">{"@context":"https://schema.org","@graph":[{"@type":"WebPage","@id":"https://lenslegal.ee/et/intellektuaalse-omandi-oigus-gdpr/","url":"https://lenslegal.ee/et/intellektuaalse-omandi-oigus-gdpr/","name":"Intellektuaalse omandi õigus - LensLegal OÜ","isPartOf":{"@id":"https://lenslegal.ee/#website"},"datePublished":"2021-02-06T09:49:49+00:00","dateModified":"2021-12-07T09:03:44+00:00","breadcrumb":{"@id":"https://lenslegal.ee/et/intellektuaalse-omandi-oigus-gdpr/#breadcrumb"},"inLanguage":"et","potentialAction":[{"@type":"ReadAction","target":["https://lenslegal.ee/et/intellektuaalse-omandi-oigus-gdpr/"]}]},{"@type":"BreadcrumbList","@id":"https://lenslegal.ee/et/intellektuaalse-omandi-oigus-gdpr/#breadcrumb","itemListElement":[{"@type":"ListItem","position":1,"name":"Home","item":"https://lenslegal.ee/et/"},{"@type":"ListItem","position":2,"name":"Intellektuaalse omandi õigus"}]},{"@type":"WebSite","@id":"https://lenslegal.ee/#website","url":"https://lenslegal.ee/","name":"LensLegal OÜ","description":"","publisher":{"@id":"https://lenslegal.ee/#organization"},"potentialAction":[{"@type":"SearchAction","target":{"@type":"EntryPoint","urlTemplate":"https://lenslegal.ee/?s={search_term_string}"},"query-input":"required name=search_term_string"}],"inLanguage":"et"},{"@type":"Organization","@id":"https://lenslegal.ee/#organization","name":"LensLegal OÜ","url":"https://lenslegal.ee/","logo":{"@type":"ImageObject","inLanguage":"et","@id":"https://lenslegal.ee/#/schema/logo/image/","url":"https://lenslegal.ee/wp-content/uploads/2021/01/LensLegal-logo-hd.png","contentUrl":"https://lenslegal.ee/wp-content/uploads/2021/01/LensLegal-logo-hd.png","width":370,"height":51,"caption":"LensLegal OÜ"},"image":{"@id":"https://lenslegal.ee/#/schema/logo/image/"}}]}</script>
<!-- / Yoast SEO plugin. -->

Intellektuaalse omandi õigus - LensLegal OÜ

[vc_row type=&#8221;vc_default&#8221;][vc_column offset=&#8221;vc_col-lg-12 vc_col-md-12 vc_col-xs-12&#8243;][vc_separator color=&#8221;custom&#8221; align=&#8221;align_left&#8221; accent_color=&#8221;#98afb3&#8243; css=&#8221;.vc_custom_1615387873386{padding-top: 15px !important;padding-bottom: 35px !important;}&#8221;][vc_column_text el_class=&#8221;textjustify&#8221;]Reglement GDPR (EL) kohustab äriühingut muutma oma isikuandmete kaitse poliitikat ning vajaduse korral täiendama oma olemasolevaid dokumente sätetega isikuandmete kaitse kohta. Meie aitame: Hinnata isikuandmete töötlemise süsteemi Koostada soovitusi andmete säilitamise süsteemi parandamiseks Koostada või viia seaduse nõuetega vastavusse äriühingu sisedokumentatsiooni, mis&hellip;

LensLegal OÜ
